{"id":711,"date":"2015-11-01T20:46:04","date_gmt":"2015-11-01T18:46:04","guid":{"rendered":"http:\/\/www.lhomargy.fr\/?page_id=711"},"modified":"2020-10-20T15:09:56","modified_gmt":"2020-10-20T13:09:56","slug":"laboratoire-mesure","status":"publish","type":"page","link":"https:\/\/www.sms-labo.fr\/index.php\/laboratoire-mesure\/","title":{"rendered":"Laboratoire de mesure et essais"},"content":{"rendered":"<p>[et_pb_section fb_built=\u00a0\u00bb1&Prime; fullwidth=\u00a0\u00bbon\u00a0\u00bb admin_label=\u00a0\u00bbsection\u00a0\u00bb _builder_version=\u00a0\u00bb3.22&Prime; background_color=\u00a0\u00bb#2ea3f2&Prime;][et_pb_fullwidth_header title=\u00a0\u00bbMesures et Essais en laboratoire\u00a0\u00bb subhead=\u00a0\u00bbLa mesure appliqu\u00e9e \u00e0 vos besoins\u00a0\u00bb content_max_width=\u00a0\u00bbnone\u00a0\u00bb admin_label=\u00a0\u00bbFullwidth Header\u00a0\u00bb _builder_version=\u00a0\u00bb3.16&Prime; background_color=\u00a0\u00bbrgba(255, 255, 255, 0)\u00a0\u00bb button_one_border_radius_hover=\u00a0\u00bb3&Prime; button_two_border_radius_hover=\u00a0\u00bb3&Prime; button_one_letter_spacing_hover=\u00a0\u00bb0&Prime; button_two_letter_spacing_hover=\u00a0\u00bb0&Prime; button_one_text_size__hover_enabled=\u00a0\u00bboff\u00a0\u00bb button_two_text_size__hover_enabled=\u00a0\u00bboff\u00a0\u00bb button_one_text_color__hover_enabled=\u00a0\u00bboff\u00a0\u00bb button_two_text_color__hover_enabled=\u00a0\u00bboff\u00a0\u00bb button_one_border_width__hover_enabled=\u00a0\u00bboff\u00a0\u00bb button_two_border_width__hover_enabled=\u00a0\u00bboff\u00a0\u00bb button_one_border_color__hover_enabled=\u00a0\u00bboff\u00a0\u00bb button_two_border_color__hover_enabled=\u00a0\u00bboff\u00a0\u00bb button_one_border_radius__hover_enabled=\u00a0\u00bbon\u00a0\u00bb button_one_border_radius__hover=\u00a0\u00bb3&Prime; button_two_border_radius__hover_enabled=\u00a0\u00bbon\u00a0\u00bb button_two_border_radius__hover=\u00a0\u00bb3&Prime; button_one_letter_spacing__hover_enabled=\u00a0\u00bbon\u00a0\u00bb button_one_letter_spacing__hover=\u00a0\u00bb0&Prime; button_two_letter_spacing__hover_enabled=\u00a0\u00bbon\u00a0\u00bb button_two_letter_spacing__hover=\u00a0\u00bb0&Prime; button_one_bg_color__hover_enabled=\u00a0\u00bboff\u00a0\u00bb button_two_bg_color__hover_enabled=\u00a0\u00bboff\u00a0\u00bb] [\/et_pb_fullwidth_header][\/et_pb_section][et_pb_section fb_built=\u00a0\u00bb1&Prime; specialty=\u00a0\u00bbon\u00a0\u00bb admin_label=\u00a0\u00bbsection\u00a0\u00bb _builder_version=\u00a0\u00bb3.22&Prime;][et_pb_column type=\u00a0\u00bb1_4&Prime; _builder_version=\u00a0\u00bb3.25&Prime; custom_padding=\u00a0\u00bb|||\u00a0\u00bb custom_padding__hover=\u00a0\u00bb|||\u00a0\u00bb][et_pb_sidebar admin_label=\u00a0\u00bbSidebar\u00a0\u00bb _builder_version=\u00a0\u00bb3.0.74&Prime;] [\/et_pb_sidebar][\/et_pb_column][et_pb_column type=\u00a0\u00bb3_4&Prime; specialty_columns=\u00a0\u00bb3&Prime; _builder_version=\u00a0\u00bb3.25&Prime; custom_padding=\u00a0\u00bb|||\u00a0\u00bb custom_padding__hover=\u00a0\u00bb|||\u00a0\u00bb][et_pb_row_inner admin_label=\u00a0\u00bbrow_inner\u00a0\u00bb _builder_version=\u00a0\u00bb3.25&Prime;][et_pb_column_inner saved_specialty_column_type=\u00a0\u00bb3_4&Prime; _builder_version=\u00a0\u00bb3.25&Prime; custom_padding=\u00a0\u00bb|||\u00a0\u00bb custom_padding__hover=\u00a0\u00bb|||\u00a0\u00bb][et_pb_text admin_label=\u00a0\u00bbText\u00a0\u00bb _builder_version=\u00a0\u00bb3.27.4&Prime; background_size=\u00a0\u00bbinitial\u00a0\u00bb background_position=\u00a0\u00bbtop_left\u00a0\u00bb background_repeat=\u00a0\u00bbrepeat\u00a0\u00bb use_border_color=\u00a0\u00bboff\u00a0\u00bb border_color=\u00a0\u00bb#1e73be\u00a0\u00bb border_style=\u00a0\u00bbsolid\u00a0\u00bb]<\/p>\n<h2>Mesurer, \u00e9valuer, qualifier.<\/h2>\n<p>D\u00e9finir la r\u00e9sistance des produits et mat\u00e9riaux, mesurer l&rsquo;\u00e9paisseur ou la rigidit\u00e9, tels sont les prestations que nous vous proposons. Notre parc d\u00a0\u00bbinstruments de mesure est syst\u00e9matiquement \u00e9talonn\u00e9 avec raccordement COFRAC.<\/p>\n<p style=\"padding-left: 30px;\">Dans notre gamme de prestations :<\/p>\n<ul style=\"list-style-type: circle;\">\n<li>Absoption d&rsquo;eau Cobb<\/li>\n<li>Eclatement papier, carton ondul\u00e9, textile<\/li>\n<li>D\u00e9chirure Elmendorf papier, textile, film plastique<\/li>\n<li>Porosit\u00e9, Rugosit\u00e9 Bendtsen, Bekk, Gurley des papiers et cartons<\/li>\n<li>R\u00e9sistance \u00e0 la traction des papiers, textiles et plastiques<\/li>\n<li>R\u00e9sistance \u00e0 la compression d&#8217;emballages<\/li>\n<li>Rigidit\u00e9 des mat\u00e9riaux, Taber ou Kodak<\/li>\n<li>Coefficient de frottement et glissant des papiers, carton et plastiques<\/li>\n<li>Epaisseur des mat\u00e9riaux en feuilles, papier, carton, film plastique.<\/li>\n<li>Coh\u00e9sion interne des papiers et cartons, Scott Bond, Internal Bond<\/li>\n<\/ul>\n<p>&nbsp;<\/p>\n<p>&nbsp;<br \/>\n[\/et_pb_text][\/et_pb_column_inner][\/et_pb_row_inner][et_pb_row_inner admin_label=\u00a0\u00bbrow_inner\u00a0\u00bb _builder_version=\u00a0\u00bb3.25&Prime; column_structure=\u00a0\u00bb1_2,1_2&Prime;][et_pb_column_inner type=\u00a0\u00bb1_2&Prime; saved_specialty_column_type=\u00a0\u00bb3_4&Prime; _builder_version=\u00a0\u00bb3.25&Prime; custom_padding=\u00a0\u00bb|||\u00a0\u00bb custom_padding__hover=\u00a0\u00bb|||\u00a0\u00bb][et_pb_text admin_label=\u00a0\u00bbText\u00a0\u00bb _builder_version=\u00a0\u00bb3.27.4&Prime; background_size=\u00a0\u00bbinitial\u00a0\u00bb background_position=\u00a0\u00bbtop_left\u00a0\u00bb background_repeat=\u00a0\u00bbrepeat\u00a0\u00bb use_border_color=\u00a0\u00bboff\u00a0\u00bb border_color=\u00a0\u00bb#dd3333&Prime; border_style=\u00a0\u00bbsolid\u00a0\u00bb]<\/p>\n<h3>Analyse statistique de donn\u00e9es.<\/h3>\n<p>Pour d\u00e9clarer un produit, un lot non conforme il y a deux m\u00e9thodes : La premi\u00e8re : Bas\u00e9 sur des crit\u00e8res empiriques, ne tenant pas compte des incertitudes de mesure La seconde : Utilisant des techniques statistiques internationalement reconnues. C&rsquo;est celle ci que nous utilisons. Equip\u00e9s de moyens modernes d&rsquo;analyse nous apportons \u00e0 nos clients une expertise d\u00e9cisive.<br \/>\n[\/et_pb_text][\/et_pb_column_inner][et_pb_column_inner type=\u00a0\u00bb1_2&Prime; saved_specialty_column_type=\u00a0\u00bb3_4&Prime; _builder_version=\u00a0\u00bb3.25&Prime; custom_padding=\u00a0\u00bb|||\u00a0\u00bb custom_padding__hover=\u00a0\u00bb|||\u00a0\u00bb][et_pb_text admin_label=\u00a0\u00bbText\u00a0\u00bb _builder_version=\u00a0\u00bb3.27.4&Prime; background_size=\u00a0\u00bbinitial\u00a0\u00bb background_position=\u00a0\u00bbtop_left\u00a0\u00bb background_repeat=\u00a0\u00bbrepeat\u00a0\u00bb use_border_color=\u00a0\u00bboff\u00a0\u00bb border_color=\u00a0\u00bb#ffffff\u00a0\u00bb border_style=\u00a0\u00bbsolid\u00a0\u00bb]<\/p>\n<h3>D\u00e9marche Qualit\u00e9.<\/h3>\n<p>La norme ISO 17025 est notre document directeur. Participant \u00e0 plusieurs organismes de normalisation au niveau international, nous proposons syst\u00e9matiquement des prestations standardis\u00e9es. Normes utilis\u00e9es :<\/p>\n<ul>\n<li>NF<\/li>\n<li>ISO<\/li>\n<li>Tappi<\/li>\n<li>Scan<\/li>\n<li>Din, BS, etc&#8230;<\/li>\n<\/ul>\n<p>[\/et_pb_text][\/et_pb_column_inner][\/et_pb_row_inner][\/et_pb_column][\/et_pb_section]<\/p>\n","protected":false},"excerpt":{"rendered":"<p>Mesurer, \u00e9valuer, qualifier. D\u00e9finir la r\u00e9sistance des produits et mat\u00e9riaux, mesurer l&rsquo;\u00e9paisseur ou la rigidit\u00e9, tels sont les prestations que nous vous proposons. Notre parc d\u00a0\u00bbinstruments de mesure est syst\u00e9matiquement \u00e9talonn\u00e9 avec raccordement COFRAC. Dans notre gamme de prestations : Absoption d&rsquo;eau Cobb Eclatement papier, carton ondul\u00e9, textile D\u00e9chirure Elmendorf papier, textile, film plastique Porosit\u00e9, [&hellip;]<\/p>\n","protected":false},"author":1,"featured_media":0,"parent":0,"menu_order":0,"comment_status":"closed","ping_status":"closed","template":"","meta":{"_et_pb_use_builder":"on","_et_pb_old_content":"","_et_gb_content_width":"","footnotes":""},"class_list":["post-711","page","type-page","status-publish","hentry"],"yoast_head":"<!-- This site is optimized with the Yoast SEO plugin v26.8 - https:\/\/yoast.com\/product\/yoast-seo-wordpress\/ -->\n<title>Laboratoire de mesure et essais - Savoie Maintenance Service<\/title>\n<meta name=\"robots\" content=\"index, follow, max-snippet:-1, max-image-preview:large, max-video-preview:-1\" \/>\n<link rel=\"canonical\" href=\"http:\/\/www.sms-labo.fr\/index.php\/laboratoire-mesure\/\" \/>\n<meta property=\"og:locale\" content=\"fr_FR\" \/>\n<meta property=\"og:type\" content=\"article\" \/>\n<meta property=\"og:title\" content=\"Laboratoire de mesure et essais - Savoie Maintenance Service\" \/>\n<meta property=\"og:description\" content=\"Mesurer, \u00e9valuer, qualifier. D\u00e9finir la r\u00e9sistance des produits et mat\u00e9riaux, mesurer l&#039;\u00e9paisseur ou la rigidit\u00e9, tels sont les prestations que nous vous proposons. Notre parc d&#039;&#039;instruments de mesure est syst\u00e9matiquement \u00e9talonn\u00e9 avec raccordement COFRAC. Dans notre gamme de prestations : Absoption d&#039;eau Cobb Eclatement papier, carton ondul\u00e9, textile D\u00e9chirure Elmendorf papier, textile, film plastique Porosit\u00e9, [&hellip;]\" \/>\n<meta property=\"og:url\" content=\"http:\/\/www.sms-labo.fr\/index.php\/laboratoire-mesure\/\" \/>\n<meta property=\"og:site_name\" content=\"Savoie Maintenance Service\" \/>\n<meta property=\"article:modified_time\" content=\"2020-10-20T13:09:56+00:00\" \/>\n<meta name=\"twitter:card\" content=\"summary_large_image\" \/>\n<meta name=\"twitter:label1\" content=\"Dur\u00e9e de lecture estim\u00e9e\" \/>\n\t<meta name=\"twitter:data1\" content=\"3 minutes\" \/>\n<script type=\"application\/ld+json\" class=\"yoast-schema-graph\">{\"@context\":\"https:\/\/schema.org\",\"@graph\":[{\"@type\":\"WebPage\",\"@id\":\"http:\/\/www.sms-labo.fr\/index.php\/laboratoire-mesure\/\",\"url\":\"http:\/\/www.sms-labo.fr\/index.php\/laboratoire-mesure\/\",\"name\":\"Laboratoire de mesure et essais - Savoie Maintenance Service\",\"isPartOf\":{\"@id\":\"https:\/\/www.sms-labo.fr\/#website\"},\"datePublished\":\"2015-11-01T18:46:04+00:00\",\"dateModified\":\"2020-10-20T13:09:56+00:00\",\"breadcrumb\":{\"@id\":\"http:\/\/www.sms-labo.fr\/index.php\/laboratoire-mesure\/#breadcrumb\"},\"inLanguage\":\"fr-FR\",\"potentialAction\":[{\"@type\":\"ReadAction\",\"target\":[\"http:\/\/www.sms-labo.fr\/index.php\/laboratoire-mesure\/\"]}]},{\"@type\":\"BreadcrumbList\",\"@id\":\"http:\/\/www.sms-labo.fr\/index.php\/laboratoire-mesure\/#breadcrumb\",\"itemListElement\":[{\"@type\":\"ListItem\",\"position\":1,\"name\":\"Accueil\",\"item\":\"https:\/\/www.sms-labo.fr\/\"},{\"@type\":\"ListItem\",\"position\":2,\"name\":\"Laboratoire de mesure et essais\"}]},{\"@type\":\"WebSite\",\"@id\":\"https:\/\/www.sms-labo.fr\/#website\",\"url\":\"https:\/\/www.sms-labo.fr\/\",\"name\":\"Savoie Maintenance Service\",\"description\":\"Des qualit\u00e9s sur mesure\",\"potentialAction\":[{\"@type\":\"SearchAction\",\"target\":{\"@type\":\"EntryPoint\",\"urlTemplate\":\"https:\/\/www.sms-labo.fr\/?s={search_term_string}\"},\"query-input\":{\"@type\":\"PropertyValueSpecification\",\"valueRequired\":true,\"valueName\":\"search_term_string\"}}],\"inLanguage\":\"fr-FR\"}]}<\/script>\n<!-- \/ Yoast SEO plugin. -->","yoast_head_json":{"title":"Laboratoire de mesure et essais - Savoie Maintenance Service","robots":{"index":"index","follow":"follow","max-snippet":"max-snippet:-1","max-image-preview":"max-image-preview:large","max-video-preview":"max-video-preview:-1"},"canonical":"http:\/\/www.sms-labo.fr\/index.php\/laboratoire-mesure\/","og_locale":"fr_FR","og_type":"article","og_title":"Laboratoire de mesure et essais - Savoie Maintenance Service","og_description":"Mesurer, \u00e9valuer, qualifier. D\u00e9finir la r\u00e9sistance des produits et mat\u00e9riaux, mesurer l'\u00e9paisseur ou la rigidit\u00e9, tels sont les prestations que nous vous proposons. Notre parc d''instruments de mesure est syst\u00e9matiquement \u00e9talonn\u00e9 avec raccordement COFRAC. Dans notre gamme de prestations : Absoption d'eau Cobb Eclatement papier, carton ondul\u00e9, textile D\u00e9chirure Elmendorf papier, textile, film plastique Porosit\u00e9, [&hellip;]","og_url":"http:\/\/www.sms-labo.fr\/index.php\/laboratoire-mesure\/","og_site_name":"Savoie Maintenance Service","article_modified_time":"2020-10-20T13:09:56+00:00","twitter_card":"summary_large_image","twitter_misc":{"Dur\u00e9e de lecture estim\u00e9e":"3 minutes"},"schema":{"@context":"https:\/\/schema.org","@graph":[{"@type":"WebPage","@id":"http:\/\/www.sms-labo.fr\/index.php\/laboratoire-mesure\/","url":"http:\/\/www.sms-labo.fr\/index.php\/laboratoire-mesure\/","name":"Laboratoire de mesure et essais - Savoie Maintenance Service","isPartOf":{"@id":"https:\/\/www.sms-labo.fr\/#website"},"datePublished":"2015-11-01T18:46:04+00:00","dateModified":"2020-10-20T13:09:56+00:00","breadcrumb":{"@id":"http:\/\/www.sms-labo.fr\/index.php\/laboratoire-mesure\/#breadcrumb"},"inLanguage":"fr-FR","potentialAction":[{"@type":"ReadAction","target":["http:\/\/www.sms-labo.fr\/index.php\/laboratoire-mesure\/"]}]},{"@type":"BreadcrumbList","@id":"http:\/\/www.sms-labo.fr\/index.php\/laboratoire-mesure\/#breadcrumb","itemListElement":[{"@type":"ListItem","position":1,"name":"Accueil","item":"https:\/\/www.sms-labo.fr\/"},{"@type":"ListItem","position":2,"name":"Laboratoire de mesure et essais"}]},{"@type":"WebSite","@id":"https:\/\/www.sms-labo.fr\/#website","url":"https:\/\/www.sms-labo.fr\/","name":"Savoie Maintenance Service","description":"Des qualit\u00e9s sur mesure","potentialAction":[{"@type":"SearchAction","target":{"@type":"EntryPoint","urlTemplate":"https:\/\/www.sms-labo.fr\/?s={search_term_string}"},"query-input":{"@type":"PropertyValueSpecification","valueRequired":true,"valueName":"search_term_string"}}],"inLanguage":"fr-FR"}]}},"_links":{"self":[{"href":"https:\/\/www.sms-labo.fr\/index.php\/wp-json\/wp\/v2\/pages\/711","targetHints":{"allow":["GET"]}}],"collection":[{"href":"https:\/\/www.sms-labo.fr\/index.php\/wp-json\/wp\/v2\/pages"}],"about":[{"href":"https:\/\/www.sms-labo.fr\/index.php\/wp-json\/wp\/v2\/types\/page"}],"author":[{"embeddable":true,"href":"https:\/\/www.sms-labo.fr\/index.php\/wp-json\/wp\/v2\/users\/1"}],"replies":[{"embeddable":true,"href":"https:\/\/www.sms-labo.fr\/index.php\/wp-json\/wp\/v2\/comments?post=711"}],"version-history":[{"count":16,"href":"https:\/\/www.sms-labo.fr\/index.php\/wp-json\/wp\/v2\/pages\/711\/revisions"}],"predecessor-version":[{"id":1418,"href":"https:\/\/www.sms-labo.fr\/index.php\/wp-json\/wp\/v2\/pages\/711\/revisions\/1418"}],"wp:attachment":[{"href":"https:\/\/www.sms-labo.fr\/index.php\/wp-json\/wp\/v2\/media?parent=711"}],"curies":[{"name":"wp","href":"https:\/\/api.w.org\/{rel}","templated":true}]}}