{"id":715,"date":"2015-11-01T21:50:43","date_gmt":"2015-11-01T19:50:43","guid":{"rendered":"http:\/\/www.lhomargy.fr\/?page_id=715"},"modified":"2024-08-05T15:29:58","modified_gmt":"2024-08-05T13:29:58","slug":"maintenance-et-reparation-dappareils-de-mesure","status":"publish","type":"page","link":"https:\/\/www.sms-labo.fr\/index.php\/maintenance-et-reparation-dappareils-de-mesure\/","title":{"rendered":"Maintenance et r\u00e9paration d&rsquo;appareils de mesure"},"content":{"rendered":"<p>[et_pb_section fb_built=\u00a0\u00bb1&Prime; fullwidth=\u00a0\u00bbon\u00a0\u00bb admin_label=\u00a0\u00bbsection\u00a0\u00bb _builder_version=\u00a0\u00bb4.16&Prime; background_color=\u00a0\u00bb#2ea3f2&Prime; global_colors_info=\u00a0\u00bb{}\u00a0\u00bb][et_pb_fullwidth_header title=\u00a0\u00bbMaintenance et R\u00e9paration d&rsquo;appareils de mesure\u00a0\u00bb subhead=\u00a0\u00bbEntretenir dans les r\u00e8gles de l&rsquo;art\u00a0\u00bb content_max_width=\u00a0\u00bbnone\u00a0\u00bb admin_label=\u00a0\u00bbFullwidth Header\u00a0\u00bb _builder_version=\u00a0\u00bb4.16&Prime; background_color=\u00a0\u00bbrgba(255, 255, 255, 0)\u00a0\u00bb button_one_border_radius_hover=\u00a0\u00bb3&Prime; button_two_border_radius_hover=\u00a0\u00bb3&Prime; button_one_letter_spacing_hover=\u00a0\u00bb0&Prime; button_two_letter_spacing_hover=\u00a0\u00bb0&Prime; global_colors_info=\u00a0\u00bb{}\u00a0\u00bb button_one_text_size__hover_enabled=\u00a0\u00bboff\u00a0\u00bb button_two_text_size__hover_enabled=\u00a0\u00bboff\u00a0\u00bb button_one_text_color__hover_enabled=\u00a0\u00bboff\u00a0\u00bb button_two_text_color__hover_enabled=\u00a0\u00bboff\u00a0\u00bb button_one_border_width__hover_enabled=\u00a0\u00bboff\u00a0\u00bb button_two_border_width__hover_enabled=\u00a0\u00bboff\u00a0\u00bb button_one_border_color__hover_enabled=\u00a0\u00bboff\u00a0\u00bb button_two_border_color__hover_enabled=\u00a0\u00bboff\u00a0\u00bb button_one_border_radius__hover_enabled=\u00a0\u00bbon\u00a0\u00bb button_one_border_radius__hover=\u00a0\u00bb3&Prime; button_two_border_radius__hover_enabled=\u00a0\u00bbon\u00a0\u00bb button_two_border_radius__hover=\u00a0\u00bb3&Prime; button_one_letter_spacing__hover_enabled=\u00a0\u00bbon\u00a0\u00bb button_one_letter_spacing__hover=\u00a0\u00bb0&Prime; button_two_letter_spacing__hover_enabled=\u00a0\u00bbon\u00a0\u00bb button_two_letter_spacing__hover=\u00a0\u00bb0&Prime; button_one_bg_color__hover_enabled=\u00a0\u00bboff\u00a0\u00bb button_two_bg_color__hover_enabled=\u00a0\u00bboff\u00a0\u00bb] [\/et_pb_fullwidth_header][\/et_pb_section][et_pb_section fb_built=\u00a0\u00bb1&Prime; specialty=\u00a0\u00bbon\u00a0\u00bb admin_label=\u00a0\u00bbsection\u00a0\u00bb _builder_version=\u00a0\u00bb4.16&Prime; global_colors_info=\u00a0\u00bb{}\u00a0\u00bb][et_pb_column type=\u00a0\u00bb1_4&Prime; _builder_version=\u00a0\u00bb4.16&Prime; custom_padding=\u00a0\u00bb|||\u00a0\u00bb global_colors_info=\u00a0\u00bb{}\u00a0\u00bb custom_padding__hover=\u00a0\u00bb|||\u00a0\u00bb][et_pb_sidebar admin_label=\u00a0\u00bbSidebar\u00a0\u00bb _builder_version=\u00a0\u00bb4.16&Prime; global_colors_info=\u00a0\u00bb{}\u00a0\u00bb] [\/et_pb_sidebar][\/et_pb_column][et_pb_column type=\u00a0\u00bb3_4&Prime; specialty_columns=\u00a0\u00bb3&Prime; _builder_version=\u00a0\u00bb4.16&Prime; custom_padding=\u00a0\u00bb|||\u00a0\u00bb global_colors_info=\u00a0\u00bb{}\u00a0\u00bb custom_padding__hover=\u00a0\u00bb|||\u00a0\u00bb][et_pb_row_inner admin_label=\u00a0\u00bbrow_inner\u00a0\u00bb _builder_version=\u00a0\u00bb4.16&Prime; global_colors_info=\u00a0\u00bb{}\u00a0\u00bb][et_pb_column_inner saved_specialty_column_type=\u00a0\u00bb3_4&Prime; _builder_version=\u00a0\u00bb3.0.47&Prime; global_colors_info=\u00a0\u00bb{}\u00a0\u00bb][et_pb_text admin_label=\u00a0\u00bbText\u00a0\u00bb _builder_version=\u00a0\u00bb4.16&Prime; background_size=\u00a0\u00bbinitial\u00a0\u00bb background_position=\u00a0\u00bbtop_left\u00a0\u00bb background_repeat=\u00a0\u00bbrepeat\u00a0\u00bb use_border_color=\u00a0\u00bboff\u00a0\u00bb border_color=\u00a0\u00bb#ffffff\u00a0\u00bb border_style=\u00a0\u00bbsolid\u00a0\u00bb global_colors_info=\u00a0\u00bb{}\u00a0\u00bb]<\/p>\n<h2>Maintenir en service.<\/h2>\n<p>Dans ce domaine aussi, tout est bas\u00e9 sur les comp\u00e9tences. Connaitre parfaitement la m\u00e9canique, l&rsquo;instrumentation, le pneumatique, l&rsquo;hydraulique est un point de d\u00e9part. Il faut toutefois garder \u00e0 l&rsquo;esprit la finalit\u00e9 \u00ab\u00a0mesure\u00a0\u00bb de l&rsquo;instrument consid\u00e9r\u00e9. Pour quelle mesure, dans quelles conditions, sur quel produit l&rsquo;appareil est utilis\u00e9. Une formation de base solide, coupl\u00e9e \u00e0 une exp\u00e9rience de terrain significative sont n\u00e9cessaires pour atteindre le niveau d&rsquo;exigence requis. Cette sp\u00e9cificit\u00e9 nous diff\u00e9rencie de nos \u00ab\u00a0concurrents\u00a0\u00bb.<\/p>\n<p>Vos instruments de mesure <a href=\"www.adamellhomargy.com\">Adamel Lhomargy<\/a> sont i\u00e7i chez eux. Nous les maintenons et les modernisons.<\/p>\n<p>&nbsp;<\/p>\n<p>Vous recherchez le Savoir Faire, contactez nous !<\/p>\n<p>[\/et_pb_text][\/et_pb_column_inner][\/et_pb_row_inner][et_pb_row_inner admin_label=\u00a0\u00bbrow_inner\u00a0\u00bb _builder_version=\u00a0\u00bb4.16&Prime; global_colors_info=\u00a0\u00bb{}\u00a0\u00bb column_structure=\u00a0\u00bb1_2,1_2&Prime;][et_pb_column_inner type=\u00a0\u00bb1_2&Prime; saved_specialty_column_type=\u00a0\u00bb3_4&Prime; _builder_version=\u00a0\u00bb3.0.47&Prime; global_colors_info=\u00a0\u00bb{}\u00a0\u00bb][et_pb_text admin_label=\u00a0\u00bbText\u00a0\u00bb _builder_version=\u00a0\u00bb4.16&Prime; background_size=\u00a0\u00bbinitial\u00a0\u00bb background_position=\u00a0\u00bbtop_left\u00a0\u00bb background_repeat=\u00a0\u00bbrepeat\u00a0\u00bb use_border_color=\u00a0\u00bboff\u00a0\u00bb border_color=\u00a0\u00bb#ffffff\u00a0\u00bb border_style=\u00a0\u00bbsolid\u00a0\u00bb global_colors_info=\u00a0\u00bb{}\u00a0\u00bb]<\/p>\n<h3>Un atelier complet.<\/h3>\n<p>Fabriquant de machines, nous sommes bien entendu \u00e9quip\u00e9s des outils les plus performants pour diagnostiquer et r\u00e9parer.<\/p>\n<p>Electronique, ou m\u00e9canique, des solutions existent. Il y a toujours une solution pour tous les instruments de mesure.<br \/>\n[\/et_pb_text][\/et_pb_column_inner][et_pb_column_inner type=\u00a0\u00bb1_2&Prime; saved_specialty_column_type=\u00a0\u00bb3_4&Prime; _builder_version=\u00a0\u00bb3.0.47&Prime; global_colors_info=\u00a0\u00bb{}\u00a0\u00bb][et_pb_text admin_label=\u00a0\u00bbText\u00a0\u00bb _builder_version=\u00a0\u00bb4.16&Prime; background_size=\u00a0\u00bbinitial\u00a0\u00bb background_position=\u00a0\u00bbtop_left\u00a0\u00bb background_repeat=\u00a0\u00bbrepeat\u00a0\u00bb use_border_color=\u00a0\u00bboff\u00a0\u00bb border_color=\u00a0\u00bb#ffffff\u00a0\u00bb border_style=\u00a0\u00bbsolid\u00a0\u00bb global_colors_info=\u00a0\u00bb{}\u00a0\u00bb]<\/p>\n<h3>Retrofit.<\/h3>\n<p>Remise en forme, r\u00e9novation c&rsquo;est notre programme. Nous supprimons ce qui est obsol\u00e8te, r\u00e9novons la m\u00e9canique, installons des composants de classe industrielle. C&rsquo;est une nouvelle vie pour vos appareils.<\/p>\n<p>Pour :<\/p>\n<ul>\n<li>Les clients soucieux de leur budget<\/li>\n<li>Les utilisateurs recherchant fiabilit\u00e9 et simplicit\u00e9<\/li>\n<\/ul>\n<p>Une somme d&rsquo;avantages.<br \/>\n[\/et_pb_text][\/et_pb_column_inner][\/et_pb_row_inner][\/et_pb_column][\/et_pb_section]<\/p>\n","protected":false},"excerpt":{"rendered":"<p>Maintenir en service. Dans ce domaine aussi, tout est bas\u00e9 sur les comp\u00e9tences. Connaitre parfaitement la m\u00e9canique, l&rsquo;instrumentation, le pneumatique, l&rsquo;hydraulique est un point de d\u00e9part. Il faut toutefois garder \u00e0 l&rsquo;esprit la finalit\u00e9 \u00ab\u00a0mesure\u00a0\u00bb de l&rsquo;instrument consid\u00e9r\u00e9. Pour quelle mesure, dans quelles conditions, sur quel produit l&rsquo;appareil est utilis\u00e9. Une formation de base solide, [&hellip;]<\/p>\n","protected":false},"author":1,"featured_media":0,"parent":0,"menu_order":0,"comment_status":"closed","ping_status":"closed","template":"","meta":{"_et_pb_use_builder":"on","_et_pb_old_content":"","_et_gb_content_width":"","footnotes":""},"class_list":["post-715","page","type-page","status-publish","hentry"],"yoast_head":"<!-- This site is optimized with the Yoast SEO plugin v26.8 - https:\/\/yoast.com\/product\/yoast-seo-wordpress\/ -->\n<title>Maintenance et r\u00e9paration d&#039;appareils de mesure - Savoie Maintenance Service<\/title>\n<meta name=\"robots\" content=\"index, follow, max-snippet:-1, max-image-preview:large, max-video-preview:-1\" \/>\n<link rel=\"canonical\" href=\"http:\/\/www.sms-labo.fr\/index.php\/maintenance-et-reparation-dappareils-de-mesure\/\" \/>\n<meta property=\"og:locale\" content=\"fr_FR\" \/>\n<meta property=\"og:type\" content=\"article\" \/>\n<meta property=\"og:title\" content=\"Maintenance et r\u00e9paration d&#039;appareils de mesure - Savoie Maintenance Service\" \/>\n<meta property=\"og:description\" content=\"Maintenir en service. Dans ce domaine aussi, tout est bas\u00e9 sur les comp\u00e9tences. Connaitre parfaitement la m\u00e9canique, l&#039;instrumentation, le pneumatique, l&#039;hydraulique est un point de d\u00e9part. Il faut toutefois garder \u00e0 l&#039;esprit la finalit\u00e9 &quot;mesure&quot; de l&#039;instrument consid\u00e9r\u00e9. Pour quelle mesure, dans quelles conditions, sur quel produit l&#039;appareil est utilis\u00e9. Une formation de base solide, [&hellip;]\" \/>\n<meta property=\"og:url\" content=\"http:\/\/www.sms-labo.fr\/index.php\/maintenance-et-reparation-dappareils-de-mesure\/\" \/>\n<meta property=\"og:site_name\" content=\"Savoie Maintenance Service\" \/>\n<meta property=\"article:modified_time\" content=\"2024-08-05T13:29:58+00:00\" \/>\n<meta name=\"twitter:card\" content=\"summary_large_image\" \/>\n<meta name=\"twitter:label1\" content=\"Dur\u00e9e de lecture estim\u00e9e\" \/>\n\t<meta name=\"twitter:data1\" content=\"3 minutes\" \/>\n<script type=\"application\/ld+json\" class=\"yoast-schema-graph\">{\"@context\":\"https:\/\/schema.org\",\"@graph\":[{\"@type\":\"WebPage\",\"@id\":\"http:\/\/www.sms-labo.fr\/index.php\/maintenance-et-reparation-dappareils-de-mesure\/\",\"url\":\"http:\/\/www.sms-labo.fr\/index.php\/maintenance-et-reparation-dappareils-de-mesure\/\",\"name\":\"Maintenance et r\u00e9paration d'appareils de mesure - Savoie Maintenance Service\",\"isPartOf\":{\"@id\":\"https:\/\/www.sms-labo.fr\/#website\"},\"datePublished\":\"2015-11-01T19:50:43+00:00\",\"dateModified\":\"2024-08-05T13:29:58+00:00\",\"breadcrumb\":{\"@id\":\"http:\/\/www.sms-labo.fr\/index.php\/maintenance-et-reparation-dappareils-de-mesure\/#breadcrumb\"},\"inLanguage\":\"fr-FR\",\"potentialAction\":[{\"@type\":\"ReadAction\",\"target\":[\"http:\/\/www.sms-labo.fr\/index.php\/maintenance-et-reparation-dappareils-de-mesure\/\"]}]},{\"@type\":\"BreadcrumbList\",\"@id\":\"http:\/\/www.sms-labo.fr\/index.php\/maintenance-et-reparation-dappareils-de-mesure\/#breadcrumb\",\"itemListElement\":[{\"@type\":\"ListItem\",\"position\":1,\"name\":\"Accueil\",\"item\":\"https:\/\/www.sms-labo.fr\/\"},{\"@type\":\"ListItem\",\"position\":2,\"name\":\"Maintenance et r\u00e9paration d&rsquo;appareils de mesure\"}]},{\"@type\":\"WebSite\",\"@id\":\"https:\/\/www.sms-labo.fr\/#website\",\"url\":\"https:\/\/www.sms-labo.fr\/\",\"name\":\"Savoie Maintenance Service\",\"description\":\"Des qualit\u00e9s sur mesure\",\"potentialAction\":[{\"@type\":\"SearchAction\",\"target\":{\"@type\":\"EntryPoint\",\"urlTemplate\":\"https:\/\/www.sms-labo.fr\/?s={search_term_string}\"},\"query-input\":{\"@type\":\"PropertyValueSpecification\",\"valueRequired\":true,\"valueName\":\"search_term_string\"}}],\"inLanguage\":\"fr-FR\"}]}<\/script>\n<!-- \/ Yoast SEO plugin. -->","yoast_head_json":{"title":"Maintenance et r\u00e9paration d'appareils de mesure - Savoie Maintenance Service","robots":{"index":"index","follow":"follow","max-snippet":"max-snippet:-1","max-image-preview":"max-image-preview:large","max-video-preview":"max-video-preview:-1"},"canonical":"http:\/\/www.sms-labo.fr\/index.php\/maintenance-et-reparation-dappareils-de-mesure\/","og_locale":"fr_FR","og_type":"article","og_title":"Maintenance et r\u00e9paration d'appareils de mesure - Savoie Maintenance Service","og_description":"Maintenir en service. Dans ce domaine aussi, tout est bas\u00e9 sur les comp\u00e9tences. Connaitre parfaitement la m\u00e9canique, l'instrumentation, le pneumatique, l'hydraulique est un point de d\u00e9part. Il faut toutefois garder \u00e0 l'esprit la finalit\u00e9 \"mesure\" de l'instrument consid\u00e9r\u00e9. Pour quelle mesure, dans quelles conditions, sur quel produit l'appareil est utilis\u00e9. Une formation de base solide, [&hellip;]","og_url":"http:\/\/www.sms-labo.fr\/index.php\/maintenance-et-reparation-dappareils-de-mesure\/","og_site_name":"Savoie Maintenance Service","article_modified_time":"2024-08-05T13:29:58+00:00","twitter_card":"summary_large_image","twitter_misc":{"Dur\u00e9e de lecture estim\u00e9e":"3 minutes"},"schema":{"@context":"https:\/\/schema.org","@graph":[{"@type":"WebPage","@id":"http:\/\/www.sms-labo.fr\/index.php\/maintenance-et-reparation-dappareils-de-mesure\/","url":"http:\/\/www.sms-labo.fr\/index.php\/maintenance-et-reparation-dappareils-de-mesure\/","name":"Maintenance et r\u00e9paration d'appareils de mesure - Savoie Maintenance Service","isPartOf":{"@id":"https:\/\/www.sms-labo.fr\/#website"},"datePublished":"2015-11-01T19:50:43+00:00","dateModified":"2024-08-05T13:29:58+00:00","breadcrumb":{"@id":"http:\/\/www.sms-labo.fr\/index.php\/maintenance-et-reparation-dappareils-de-mesure\/#breadcrumb"},"inLanguage":"fr-FR","potentialAction":[{"@type":"ReadAction","target":["http:\/\/www.sms-labo.fr\/index.php\/maintenance-et-reparation-dappareils-de-mesure\/"]}]},{"@type":"BreadcrumbList","@id":"http:\/\/www.sms-labo.fr\/index.php\/maintenance-et-reparation-dappareils-de-mesure\/#breadcrumb","itemListElement":[{"@type":"ListItem","position":1,"name":"Accueil","item":"https:\/\/www.sms-labo.fr\/"},{"@type":"ListItem","position":2,"name":"Maintenance et r\u00e9paration d&rsquo;appareils de mesure"}]},{"@type":"WebSite","@id":"https:\/\/www.sms-labo.fr\/#website","url":"https:\/\/www.sms-labo.fr\/","name":"Savoie Maintenance Service","description":"Des qualit\u00e9s sur mesure","potentialAction":[{"@type":"SearchAction","target":{"@type":"EntryPoint","urlTemplate":"https:\/\/www.sms-labo.fr\/?s={search_term_string}"},"query-input":{"@type":"PropertyValueSpecification","valueRequired":true,"valueName":"search_term_string"}}],"inLanguage":"fr-FR"}]}},"_links":{"self":[{"href":"https:\/\/www.sms-labo.fr\/index.php\/wp-json\/wp\/v2\/pages\/715","targetHints":{"allow":["GET"]}}],"collection":[{"href":"https:\/\/www.sms-labo.fr\/index.php\/wp-json\/wp\/v2\/pages"}],"about":[{"href":"https:\/\/www.sms-labo.fr\/index.php\/wp-json\/wp\/v2\/types\/page"}],"author":[{"embeddable":true,"href":"https:\/\/www.sms-labo.fr\/index.php\/wp-json\/wp\/v2\/users\/1"}],"replies":[{"embeddable":true,"href":"https:\/\/www.sms-labo.fr\/index.php\/wp-json\/wp\/v2\/comments?post=715"}],"version-history":[{"count":8,"href":"https:\/\/www.sms-labo.fr\/index.php\/wp-json\/wp\/v2\/pages\/715\/revisions"}],"predecessor-version":[{"id":1604,"href":"https:\/\/www.sms-labo.fr\/index.php\/wp-json\/wp\/v2\/pages\/715\/revisions\/1604"}],"wp:attachment":[{"href":"https:\/\/www.sms-labo.fr\/index.php\/wp-json\/wp\/v2\/media?parent=715"}],"curies":[{"name":"wp","href":"https:\/\/api.w.org\/{rel}","templated":true}]}}